{"id":1160,"date":"2026-02-19T19:22:07","date_gmt":"2026-02-19T19:22:07","guid":{"rendered":"https:\/\/gandulcreations.com\/?page_id=1160"},"modified":"2026-02-20T20:17:48","modified_gmt":"2026-02-20T20:17:48","slug":"blog3","status":"publish","type":"page","link":"https:\/\/gandulcreations.com\/?page_id=1160","title":{"rendered":"Instagram refuerza la seguridad"},"content":{"rendered":"\t\t<div data-elementor-type=\"wp-page\" data-elementor-id=\"1160\" class=\"elementor elementor-1160\">\n\t\t\t\t<div class=\"elementor-element elementor-element-2531e0ad e-con-full e-flex e-con e-parent\" data-id=\"2531e0ad\" data-element_type=\"container\" data-e-type=\"container\" data-settings=\"{&quot;background_background&quot;:&quot;classic&quot;}\">\n\t\t\t\t<div class=\"elementor-element elementor-element-6986281b animated-fast elementor-invisible elementor-widget elementor-widget-heading\" data-id=\"6986281b\" data-element_type=\"widget\" data-e-type=\"widget\" data-settings=\"{&quot;_animation&quot;:&quot;fadeInUp&quot;}\" data-widget_type=\"heading.default\">\n\t\t\t\t\t<h1 class=\"elementor-heading-title elementor-size-default\">Articulos Gandul<\/h1>\t\t\t\t<\/div>\n\t\t\t\t<\/div>\n\t\t<div class=\"elementor-element elementor-element-765240b e-con-full e-flex e-con e-parent\" data-id=\"765240b\" data-element_type=\"container\" data-e-type=\"container\">\n\t\t\t\t<div class=\"elementor-element elementor-element-b272be3 elementor-widget elementor-widget-heading\" data-id=\"b272be3\" data-element_type=\"widget\" data-e-type=\"widget\" data-widget_type=\"heading.default\">\n\t\t\t\t\t<h2 class=\"elementor-heading-title elementor-size-default\">Actualidad<\/h2>\t\t\t\t<\/div>\n\t\t\t\t<\/div>\n\t\t<div class=\"elementor-element elementor-element-4a04b5f e-con-full e-flex e-con e-parent\" data-id=\"4a04b5f\" data-element_type=\"container\" data-e-type=\"container\">\n\t\t\t\t<div class=\"elementor-element elementor-element-68ae3e8 elementor-widget elementor-widget-heading\" data-id=\"68ae3e8\" data-element_type=\"widget\" data-e-type=\"widget\" data-widget_type=\"heading.default\">\n\t\t\t\t\t<h2 class=\"elementor-heading-title elementor-size-default\">Instagram incorpora una nueva funci\u00f3n para frenar el acoso y controlar qui\u00e9n puede interactuar contigo.<\/h2>\t\t\t\t<\/div>\n\t\t\t\t<\/div>\n\t\t<div class=\"elementor-element elementor-element-d48491d e-con-full e-flex e-con e-parent\" data-id=\"d48491d\" data-element_type=\"container\" data-e-type=\"container\">\n\t\t\t\t<div class=\"elementor-element elementor-element-889e0d2 elementor-widget elementor-widget-text-editor\" data-id=\"889e0d2\" data-element_type=\"widget\" data-e-type=\"widget\" data-widget_type=\"text-editor.default\">\n\t\t\t\t\t\t\t\t\t<p data-start=\"203\" data-end=\"605\">Instagram cada vez viene siendo m\u00e1s exigente con los requisitos de seguridad y control de interacciones en su comunidad digital. La popular aplicaci\u00f3n Instagram acaba de anunciar el lanzamiento de un bot\u00f3n de seguridad para limitar interacciones y prevenir acoso, que sus usuarios podr\u00e1n usar para ocultar mensajes directos y comentarios ofensivos de cuentas que puedan estar acos\u00e1ndolos.<\/p>\t\t\t\t\t\t\t\t<\/div>\n\t\t\t\t<\/div>\n\t\t<div class=\"elementor-element elementor-element-8455064 e-flex e-con-boxed e-con e-parent\" data-id=\"8455064\" data-element_type=\"container\" data-e-type=\"container\">\n\t\t\t\t\t<div class=\"e-con-inner\">\n\t\t\t\t<div class=\"elementor-element elementor-element-32cb738 elementor-invisible elementor-widget elementor-widget-image\" data-id=\"32cb738\" data-element_type=\"widget\" data-e-type=\"widget\" data-settings=\"{&quot;_animation&quot;:&quot;fadeInDown&quot;}\" data-widget_type=\"image.default\">\n\t\t\t\t\t\t\t\t\t\t\t\t\t\t\t<img fetchpriority=\"high\" decoding=\"async\" width=\"1024\" height=\"683\" src=\"https:\/\/gandulcreations.com\/wp-content\/uploads\/2026\/02\/ChatGPT-Image-19-feb-2026-15_42_32-1024x683.png\" class=\"attachment-large size-large wp-image-1205\" alt=\"\" srcset=\"https:\/\/gandulcreations.com\/wp-content\/uploads\/2026\/02\/ChatGPT-Image-19-feb-2026-15_42_32-1024x683.png 1024w, https:\/\/gandulcreations.com\/wp-content\/uploads\/2026\/02\/ChatGPT-Image-19-feb-2026-15_42_32-300x200.png 300w, https:\/\/gandulcreations.com\/wp-content\/uploads\/2026\/02\/ChatGPT-Image-19-feb-2026-15_42_32-768x512.png 768w, https:\/\/gandulcreations.com\/wp-content\/uploads\/2026\/02\/ChatGPT-Image-19-feb-2026-15_42_32-24x16.png 24w, https:\/\/gandulcreations.com\/wp-content\/uploads\/2026\/02\/ChatGPT-Image-19-feb-2026-15_42_32-36x24.png 36w, https:\/\/gandulcreations.com\/wp-content\/uploads\/2026\/02\/ChatGPT-Image-19-feb-2026-15_42_32-48x32.png 48w, https:\/\/gandulcreations.com\/wp-content\/uploads\/2026\/02\/ChatGPT-Image-19-feb-2026-15_42_32.png 1536w\" sizes=\"(max-width: 1024px) 100vw, 1024px\" \/>\t\t\t\t\t\t\t\t\t\t\t\t\t\t\t<\/div>\n\t\t\t\t\t<\/div>\n\t\t\t\t<\/div>\n\t\t<div class=\"elementor-element elementor-element-35b85f2 e-con-full e-flex e-con e-parent\" data-id=\"35b85f2\" data-element_type=\"container\" data-e-type=\"container\">\n\t\t\t\t<div class=\"elementor-element elementor-element-5a57320 elementor-widget elementor-widget-heading\" data-id=\"5a57320\" data-element_type=\"widget\" data-e-type=\"widget\" data-widget_type=\"heading.default\">\n\t\t\t\t\t<h2 class=\"elementor-heading-title elementor-size-default\"><a href=\"https:\/\/gandulcreations.com\/\">Hacer maqueta para colegio con entrega r\u00e1pida Ecuador<\/a><\/h2>\t\t\t\t<\/div>\n\t\t\t\t<\/div>\n\t\t<div class=\"elementor-element elementor-element-3fa5e70 e-con-full e-flex e-con e-parent\" data-id=\"3fa5e70\" data-element_type=\"container\" data-e-type=\"container\">\n\t\t<div class=\"elementor-element elementor-element-14a047a e-con-full e-flex e-con e-child\" data-id=\"14a047a\" data-element_type=\"container\" data-e-type=\"container\">\n\t\t\t\t<div class=\"elementor-element elementor-element-63eae8d elementor-widget elementor-widget-text-editor\" data-id=\"63eae8d\" data-element_type=\"widget\" data-e-type=\"widget\" data-widget_type=\"text-editor.default\">\n\t\t\t\t\t\t\t\t\t<p data-start=\"607\" data-end=\"847\">\u00a0<\/p><p data-start=\"607\" data-end=\"847\"><span style=\"font-style: inherit; font-weight: inherit;\">A<\/span><span style=\"font-style: inherit; font-weight: inherit;\">hora, en lugar de simplemente ocultar contenido a los seguidores recientes o a las personas que no te siguen, Instagram silenciar\u00e1 los mensajes entrantes de cuentas no deseadas, excepto de los usuarios de tu lista de amigos cercanos.<br \/><\/span><span style=\"font-style: inherit; font-weight: inherit;\"><br \/>Aunque Instagram implement\u00f3 por primera vez los l\u00edmites de interacci\u00f3n para creadores de contenido, cualquiera puede usar la funci\u00f3n si se enfrenta a mensajes abusivos o comentarios no deseados en Instagram.<br \/><\/span><span style=\"font-style: inherit; font-weight: inherit;\"><br \/>Podr\u00eda brindar una manera de eliminar el ruido entrante sin desconectar a las personas de una comunidad de apoyo.<\/span><\/p>\t\t\t\t\t\t\t\t<\/div>\n\t\t<div class=\"elementor-element elementor-element-fce0094 e-con-full e-flex e-con e-child\" data-id=\"fce0094\" data-element_type=\"container\" data-e-type=\"container\">\n\t\t\t\t<div class=\"elementor-element elementor-element-4d8255b elementor-invisible elementor-widget elementor-widget-image\" data-id=\"4d8255b\" data-element_type=\"widget\" data-e-type=\"widget\" data-settings=\"{&quot;_animation&quot;:&quot;fadeInLeft&quot;}\" data-widget_type=\"image.default\">\n\t\t\t\t\t\t\t\t\t\t\t\t\t\t\t<img decoding=\"async\" width=\"801\" height=\"449\" src=\"https:\/\/gandulcreations.com\/wp-content\/uploads\/2026\/02\/20250418_010645578_Instagram_se_une_a_las_escuelas_en_la_lucha_contra_el_acoso.jpg_1443152915.jpg\" class=\"attachment-large size-large wp-image-1217\" alt=\"\" srcset=\"https:\/\/gandulcreations.com\/wp-content\/uploads\/2026\/02\/20250418_010645578_Instagram_se_une_a_las_escuelas_en_la_lucha_contra_el_acoso.jpg_1443152915.jpg 801w, https:\/\/gandulcreations.com\/wp-content\/uploads\/2026\/02\/20250418_010645578_Instagram_se_une_a_las_escuelas_en_la_lucha_contra_el_acoso.jpg_1443152915-300x168.jpg 300w, https:\/\/gandulcreations.com\/wp-content\/uploads\/2026\/02\/20250418_010645578_Instagram_se_une_a_las_escuelas_en_la_lucha_contra_el_acoso.jpg_1443152915-768x431.jpg 768w, https:\/\/gandulcreations.com\/wp-content\/uploads\/2026\/02\/20250418_010645578_Instagram_se_une_a_las_escuelas_en_la_lucha_contra_el_acoso.jpg_1443152915-24x13.jpg 24w, https:\/\/gandulcreations.com\/wp-content\/uploads\/2026\/02\/20250418_010645578_Instagram_se_une_a_las_escuelas_en_la_lucha_contra_el_acoso.jpg_1443152915-36x20.jpg 36w, https:\/\/gandulcreations.com\/wp-content\/uploads\/2026\/02\/20250418_010645578_Instagram_se_une_a_las_escuelas_en_la_lucha_contra_el_acoso.jpg_1443152915-48x27.jpg 48w\" sizes=\"(max-width: 801px) 100vw, 801px\" \/>\t\t\t\t\t\t\t\t\t\t\t\t\t\t\t<\/div>\n\t\t\t\t<\/div>\n\t\t\t\t<\/div>\n\t\t<div class=\"elementor-element elementor-element-19b64f2 e-con-full e-flex e-con e-child\" data-id=\"19b64f2\" data-element_type=\"container\" data-e-type=\"container\">\n\t\t<div class=\"elementor-element elementor-element-a7b5d53 e-con-full e-flex e-con e-child\" data-id=\"a7b5d53\" data-element_type=\"container\" data-e-type=\"container\">\n\t\t\t\t<div class=\"elementor-element elementor-element-3197ec5 elementor-widget elementor-widget-text-editor\" data-id=\"3197ec5\" data-element_type=\"widget\" data-e-type=\"widget\" data-widget_type=\"text-editor.default\">\n\t\t\t\t\t\t\t\t\t<h2>Poner l\u00edmites<\/h2><p>As\u00ed las cosas, Instagram explica que al limitar interacciones en Instagram, podr\u00e1s solo ver los mensajes directos, etiquetas y menciones de las personas de tu lista.<br \/><span style=\"font-style: inherit; font-weight: inherit;\"><br \/>Los usuarios que no est\u00e1n en tu lista de amigos cercanos a\u00fan pueden interactuar con tus publicaciones, pero no ver\u00e1s estas actualizaciones.<br \/><\/span><span style=\"font-style: inherit; font-weight: inherit;\"><br \/>Estas cuentas tampoco sabr\u00e1n que has ocultado su contenido mediante la funci\u00f3n de interacciones limitadas.<br \/><\/span><span style=\"font-style: inherit; font-weight: inherit;\"><br \/>Tambi\u00e9n podr\u00e1s optar por ver o ignorar los comentarios limitados y mensajes restringidos.<br \/><\/span><span style=\"font-style: inherit; font-weight: inherit;\"><br \/>Instagram te permite limitar cuentas hasta por cuatro semanas seguidas, pero puedes extender el per\u00edodo de restricci\u00f3n de cuentas en Instagram.<br \/><\/span><span style=\"font-style: inherit; font-weight: inherit;\"><br \/>Esto puedes hacerlo desde tu perfil, seleccionando el men\u00fa en la esquina superior derecha de la pantalla y eligiendo Interacciones limitadas en Instagram. Desde all\u00ed, puedes alternar los l\u00edmites para las cuentas que no te siguen, los seguidores recientes o todos menos tus amigos cercanos.<\/span><\/p>\t\t\t\t\t\t\t\t<\/div>\n\t\t\t\t<\/div>\n\t\t\t\t<\/div>\n\t\t\t\t<\/div>\n\t\t<div class=\"elementor-element elementor-element-50674c8 e-con-full e-flex e-con e-parent\" data-id=\"50674c8\" data-element_type=\"container\" data-e-type=\"container\">\n\t\t<div class=\"elementor-element elementor-element-c61e61d e-con-full e-flex e-con e-child\" data-id=\"c61e61d\" data-element_type=\"container\" data-e-type=\"container\">\n\t\t\t\t<div class=\"elementor-element elementor-element-9e3d08b elementor-widget elementor-widget-text-editor\" data-id=\"9e3d08b\" data-element_type=\"widget\" data-e-type=\"widget\" data-widget_type=\"text-editor.default\">\n\t\t\t\t\t\t\t\t\t<h2 data-start=\"91\" data-end=\"109\">La coyuntura<\/h2><p data-start=\"111\" data-end=\"285\">Estas funciones ampliadas llegan en un momento en que Instagram enfrenta mayor escrutinio del gobierno de EE. UU. por la seguridad digital de j\u00f3venes en redes sociales.<br \/><span style=\"font-style: inherit; font-weight: inherit;\"><br \/>Meta tambi\u00e9n lanz\u00f3 una funci\u00f3n que impide que adultos env\u00eden mensajes a menores por defecto en Instagram y Facebook, reforzando la <\/span>protecci\u00f3n de menores en redes sociales<span style=\"font-style: inherit; font-weight: inherit;\">. Adem\u00e1s, la compa\u00f1\u00eda ocult\u00f3 contenido relacionado con suicidio y trastornos alimentarios para fortalecer la <\/span>seguridad y\u00a0bienestar juvenil en Instagram<span style=\"font-style: inherit; font-weight: inherit;\">.<\/span><\/p>\t\t\t\t\t\t\t\t<\/div>\n\t\t\t\t<\/div>\n\t\t\t\t<\/div>\n\t\t<div class=\"elementor-element elementor-element-08e4bad e-flex e-con-boxed e-con e-parent\" data-id=\"08e4bad\" data-element_type=\"container\" data-e-type=\"container\">\n\t\t\t\t\t<div class=\"e-con-inner\">\n\t\t<div class=\"elementor-element elementor-element-25a6d03 e-con-full e-flex e-con e-child\" data-id=\"25a6d03\" data-element_type=\"container\" data-e-type=\"container\">\n\t\t\t\t<\/div>\n\t\t<div class=\"elementor-element elementor-element-cfbbbf7 e-con-full e-flex e-con e-child\" data-id=\"cfbbbf7\" data-element_type=\"container\" data-e-type=\"container\">\n\t\t\t\t<div class=\"elementor-element elementor-element-3ea6868 elementor-widget elementor-widget-text-editor\" data-id=\"3ea6868\" data-element_type=\"widget\" data-e-type=\"widget\" data-widget_type=\"text-editor.default\">\n\t\t\t\t\t\t\t\t\t<h2 data-start=\"621\" data-end=\"640\">\u00a0 \u00a0 \u00a0 \u00a0 \u00a0 \u00a0 \u00a0 \u00a0 \u00a0 \u00a0 \u00a0 \u00a0 \u00a0 \u00a0 \u00a0 \u00a0 \u00a0 \u00a0 \u00a0 \u00a0 \u00a0 \u00a0 \u00a0 \u00a0 \u00a0 \u00a0Era necesario<\/h2><p data-start=\"642\" data-end=\"797\">Un informe de 2021 revel\u00f3 que Instagram no habr\u00eda actuado en el 90% de m\u00e1s de 8.700 mensajes abusivos en\u00a0Instagram enviados a mujeres de alto perfil.<br \/><span style=\"font-style: inherit; font-weight: inherit;\"><br \/>Para mejorar la convivencia, la plataforma implement\u00f3 <\/span>advertencias de comportamiento en l\u00ednea<span style=\"font-style: inherit; font-weight: inherit;\">, mostrando recordatorios para fomentar el respeto antes de publicar mensajes o comentarios ofensivos, como parte de su estrategia de <\/span>empuj\u00f3n digital en redes sociales<span style=\"font-style: inherit; font-weight: inherit;\">.<\/span><\/p>\t\t\t\t\t\t\t\t<\/div>\n\t\t\t\t<\/div>\n\t\t\t\t\t<\/div>\n\t\t\t\t<\/div>\n\t\t<div class=\"elementor-element elementor-element-19eba42 e-flex e-con-boxed e-con e-parent\" data-id=\"19eba42\" data-element_type=\"container\" data-e-type=\"container\">\n\t\t\t\t\t<div class=\"e-con-inner\">\n\t\t\t\t<div class=\"elementor-element elementor-element-81baf9f elementor-absolute elementor-widget elementor-widget-heading\" data-id=\"81baf9f\" data-element_type=\"widget\" data-e-type=\"widget\" data-settings=\"{&quot;_position&quot;:&quot;absolute&quot;}\" data-widget_type=\"heading.default\">\n\t\t\t\t\t<h2 class=\"elementor-heading-title elementor-size-default\"><a href=\"https:\/\/gandulcreations.com\/\">\u00bfD\u00f3nde hacer maquetas universitarias en Quito?<\/a><\/h2>\t\t\t\t<\/div>\n\t\t\t\t\t<\/div>\n\t\t\t\t<\/div>\n\t\t<div class=\"elementor-element elementor-element-2099f59 e-flex e-con-boxed e-con e-parent\" data-id=\"2099f59\" data-element_type=\"container\" data-e-type=\"container\">\n\t\t\t\t\t<div class=\"e-con-inner\">\n\t\t\t\t<div class=\"elementor-element elementor-element-a3034b9 elementor-absolute elementor-widget elementor-widget-heading\" data-id=\"a3034b9\" data-element_type=\"widget\" data-e-type=\"widget\" data-settings=\"{&quot;_position&quot;:&quot;absolute&quot;}\" data-widget_type=\"heading.default\">\n\t\t\t\t\t<h2 class=\"elementor-heading-title elementor-size-default\"><a href=\"https:\/\/gandulcreations.com\/\">Asesor\u00eda en elaboraci\u00f3n de material para proyectos de grado<\/a><\/h2>\t\t\t\t<\/div>\n\t\t\t\t\t<\/div>\n\t\t\t\t<\/div>\n\t\t<div class=\"elementor-element elementor-element-242274e e-con-full e-flex e-con e-parent\" data-id=\"242274e\" data-element_type=\"container\" data-e-type=\"container\">\n\t\t\t\t<div class=\"elementor-element elementor-element-c2104a6 elementor-widget__width-initial elementor-widget elementor-widget-text-editor\" data-id=\"c2104a6\" data-element_type=\"widget\" data-e-type=\"widget\" data-widget_type=\"text-editor.default\">\n\t\t\t\t\t\t\t\t\t<h3 data-start=\"1072\" data-end=\"1098\">Lo que debemos saber<\/h3><p data-start=\"1100\" data-end=\"1373\">Investigaciones indican que estas intervenciones ayudan a mejorar la convivencia digital en Instagram. En 2023, Meta inform\u00f3 que el 50% de los usuarios edit\u00f3 o elimin\u00f3 comentarios tras recibir advertencias, fortaleciendo la moderaci\u00f3n de comentarios en Instagram.<br \/><span style=\"font-style: inherit; font-weight: inherit;\"><br \/>Un estudio con 70.000 usuarios mostr\u00f3 que el 30% redujo mensajes hacia creadores tras ver recordatorios, evidenciando el impacto de las <\/span>estrategias contra el acoso en\u00a0redes sociales<span style=\"font-style: inherit; font-weight: inherit;\">.<\/span><\/p>\t\t\t\t\t\t\t\t<\/div>\n\t\t\t\t<\/div>\n\t\t<div class=\"elementor-element elementor-element-8478dd5 e-flex e-con-boxed e-con e-parent\" data-id=\"8478dd5\" data-element_type=\"container\" data-e-type=\"container\">\n\t\t\t\t\t<div class=\"e-con-inner\">\n\t\t\t\t<div class=\"elementor-element elementor-element-deb500f elementor-absolute elementor-widget elementor-widget-heading\" data-id=\"deb500f\" data-element_type=\"widget\" data-e-type=\"widget\" data-settings=\"{&quot;_position&quot;:&quot;absolute&quot;}\" data-widget_type=\"heading.default\">\n\t\t\t\t\t<h2 class=\"elementor-heading-title elementor-size-default\"><a href=\"https:\/\/gandulcreations.com\/\">Impulsa tu tesis con una presentaci\u00f3n impactante<\/a><\/h2>\t\t\t\t<\/div>\n\t\t\t\t\t<\/div>\n\t\t\t\t<\/div>\n\t\t\t\t<\/div>\n\t\t","protected":false},"excerpt":{"rendered":"<p>Articulos Gandul Actualidad Instagram incorpora una nueva funci\u00f3n para frenar el acoso y controlar qui\u00e9n puede interactuar contigo. Instagram cada [&hellip;]<\/p>\n","protected":false},"author":1,"featured_media":0,"parent":0,"menu_order":0,"comment_status":"closed","ping_status":"closed","template":"","meta":{"_crdt_document":"","site-sidebar-layout":"no-sidebar","site-content-layout":"","ast-site-content-layout":"full-width-container","site-content-style":"default","site-sidebar-style":"default","ast-global-header-display":"","ast-banner-title-visibility":"","ast-main-header-display":"","ast-hfb-above-header-display":"","ast-hfb-below-header-display":"","ast-hfb-mobile-header-display":"","site-post-title":"disabled","ast-breadcrumbs-content":"","ast-featured-img":"disabled","footer-sml-layout":"","ast-disable-related-posts":"","theme-transparent-header-meta":"","adv-header-id-meta":"","stick-header-meta":"","header-above-stick-meta":"","header-main-stick-meta":"","header-below-stick-meta":"","astra-migrate-meta-layouts":"default","ast-page-background-enabled":"default","ast-page-background-meta":{"desktop":{"background-color":"var(--ast-global-color-5)","background-image":"","background-repeat":"repeat","background-position":"center center","background-size":"auto","background-attachment":"scroll","background-type":"","background-media":"","overlay-type":"","overlay-color":"","overlay-opacity":"","overlay-gradient":""},"tablet":{"background-color":"","background-image":"","background-repeat":"repeat","background-position":"center center","background-size":"auto","background-attachment":"scroll","background-type":"","background-media":"","overlay-type":"","overlay-color":"","overlay-opacity":"","overlay-gradient":""},"mobile":{"background-color":"","background-image":"","background-repeat":"repeat","background-position":"center center","background-size":"auto","background-attachment":"scroll","background-type":"","background-media":"","overlay-type":"","overlay-color":"","overlay-opacity":"","overlay-gradient":""}},"ast-content-background-meta":{"desktop":{"background-color":"var(--ast-global-color-4)","background-image":"","background-repeat":"repeat","background-position":"center center","background-size":"auto","background-attachment":"scroll","background-type":"","background-media":"","overlay-type":"","overlay-color":"","overlay-opacity":"","overlay-gradient":""},"tablet":{"background-color":"var(--ast-global-color-4)","background-image":"","background-repeat":"repeat","background-position":"center center","background-size":"auto","background-attachment":"scroll","background-type":"","background-media":"","overlay-type":"","overlay-color":"","overlay-opacity":"","overlay-gradient":""},"mobile":{"background-color":"var(--ast-global-color-4)","background-image":"","background-repeat":"repeat","background-position":"center center","background-size":"auto","background-attachment":"scroll","background-type":"","background-media":"","overlay-type":"","overlay-color":"","overlay-opacity":"","overlay-gradient":""}},"_joinchat":[],"footnotes":""},"class_list":["post-1160","page","type-page","status-publish","hentry"],"_hostinger_reach_plugin_has_subscription_block":false,"_hostinger_reach_plugin_is_elementor":false,"_links":{"self":[{"href":"https:\/\/gandulcreations.com\/index.php?rest_route=\/wp\/v2\/pages\/1160","targetHints":{"allow":["GET"]}}],"collection":[{"href":"https:\/\/gandulcreations.com\/index.php?rest_route=\/wp\/v2\/pages"}],"about":[{"href":"https:\/\/gandulcreations.com\/index.php?rest_route=\/wp\/v2\/types\/page"}],"author":[{"embeddable":true,"href":"https:\/\/gandulcreations.com\/index.php?rest_route=\/wp\/v2\/users\/1"}],"replies":[{"embeddable":true,"href":"https:\/\/gandulcreations.com\/index.php?rest_route=%2Fwp%2Fv2%2Fcomments&post=1160"}],"version-history":[{"count":77,"href":"https:\/\/gandulcreations.com\/index.php?rest_route=\/wp\/v2\/pages\/1160\/revisions"}],"predecessor-version":[{"id":1457,"href":"https:\/\/gandulcreations.com\/index.php?rest_route=\/wp\/v2\/pages\/1160\/revisions\/1457"}],"wp:attachment":[{"href":"https:\/\/gandulcreations.com\/index.php?rest_route=%2Fwp%2Fv2%2Fmedia&parent=1160"}],"curies":[{"name":"wp","href":"https:\/\/api.w.org\/{rel}","templated":true}]}}